 14*13/(4095/30)*(-6)/(-1) is divided by b?
0
Let g(j) = 4*j**2 + 10*j - 4. Calculate the remainder when g(-8) is divided by (-9)/((-162)/9)*-4*(-133)/38.
4
Suppose 4*i - 2371 = -s, -5*i + 24*s + 2963 = 26*s. What is the remainder when i is divided by 74?
1
Suppose 0 = v + 6 - 195. Suppose -6*z = -261 - v. Calculate the remainder when 216 is divided by z.
66
Suppose 0 = 4*v - 7*v + 48. Let q(z) = 0*z**2 + 3*z**3 - 2647*z - 14*z**2 + 2643*z + 5. What is the remainder when v is divided by q(5)?
6
Suppose -4733 = -41*b - 961. Calculate the remainder when 148 is divided by b.
56
Suppose -2*t + 22 = 6. Let g(j) = -j**2 + 20*j - 17. Calculate the remainder when g(t) is divided by (0 - -2)/(2/20).
19
Let l be (24 + -29)/(-1*1). Calculate the remainder when 44 is divided by 712/20 - ((-6)/l)/3.
8
Suppose -129 = -16*t + 63. Let o = -7 + 18. Calculate the remainder when (3 - t)/((-17)/14 + 1) is divided by o.
9
Let y(j) = -j**3 - 37*j**2 + 76*j - 32. What is the remainder when 263 is divided by y(-39)?
33
Suppose -16 = -3*p + 4*s + 36, -3*p = s - 47. Let d = 16 + -11. Suppose 6*b - d*b = 43. Calculate the remainder when b is divided by p.
11
Let w be 3/3 + 0/3. Let k = 33 + 146. What is the remainder when k is divided by (w - -1 - -30) + 4?
35
Let b = 23501 - 18846. Calculate the remainder when b is divided by 274.
271
Let f = -25 - -27. Suppose f*y + 4 = -46. Let z = y + 37. What is the remainder when 16 is divided by z?
4
Suppose -4 = 4*t - 512. Let c = -1 + t. What is the remainder when c is divided by 43?
40
Let g(k) = 2*k**3 - 11*k**2 + 2*k + 21. Let v be g(5). Suppose 5*b - 15*i - 14 = -17*i, -b = -4*i + v. Calculate the remainder when 5 is divided by b.
1
What is the remainder when (27 - 5) + (-1 + 9)/2 is divided by (5/2 - 1)/(102/952)?
12
Let t = 13471 - 12655. Calculate the remainder when t is divided by 60.
36
Suppose -2*d = -193*f + 192*f + 2453, 3*f = 5*d + 7360. What is the remainder when f is divided by 117?
115
What is the remainder when -101345*(-3)/435 + 2/29 is divided by 35?
34
Suppose -2*h + 2*b - 1 = b, -b + 1 = 5*h. Let g(v) = -5*v + 19 + 24*v**2 + 9*v**2 + v**3 - 23*v**2 + h*v. What is the remainder when g(-10) is divided by 12?
9
Suppose 0 = -s + 93 + 145. Let f be 293/(-2) + (10/4)/5. Let h = s + f. Calculate the remainder when h is divided by 31.
30
Suppose -25*c + 115 = -535. Let z = -82 - -90. What is the remainder when c is divided by z?
2
Suppose 6*l - 3494 = 334. Let c be l/5 + 18/45. Suppose -j - 5*k = -34, 0 = 3*j + 3*k - k - c. Calculate the remainder when j is divided by 15.
14
Let p(z) = 52*z + 3 - 1 - 6 - 4. Let o be p(3). Calculate the remainder when (42/12 + -3)/(2/o) is divided by 10.
7
Let y(l) = l**3 - 22*l**2 - 13*l + 45. Let s be y(22). Let v = 261 + s. What is the remainder when 118 is divided by v?
18
Suppose 150 = 5*w - 4*h, -h = w - 39 + 18. Suppose -3*s = 0, 4*d + 3*s - 58 = w. What is the remainder when 91 is divided by d?
7
Let c = 616 - 531. Let q = 297 - 275. What is the remainder when c is divided by q?
19
Let m = -477 + 942. Calculate the remainder when m is divided by 152.
9
Suppose -f = -2*m + 29, 64 = 4*m + 280*f - 276*f. Calculate the remainder when 775 is divided by m.
10
Let x(z) = -2*z**2 + 13*z + 7. Let m = -42 + 46. Let b be x(m). Suppose -5*q - 3*k = -56, -3*q - 6*k = -2*k - b. What is the remainder when 24 is divided by q?
11
Calculate the remainder when 9*(47988/540 - (-8)/10) is divided by 37.
30
Suppose 330 = -6*a + 1374. Suppose 0 = 3*t - 64 - 41. Calculate the remainder when a is divided by t.
34
Let o = 231 - 186. Let f(k) be the third derivative of -k**6/60 + k**5/30 - 5*k**2. What is the remainder when o is divided by f(-2)?
21
Let l = -4509 - -4646. Calculate the remainder when l is divided by 39.
20
Calculate the remainder when 113 is divided by 4/(16/(-3)) + 1611/36.
25
Let z = -2909 - -3055. Calculate the remainder when 1603 is divided by z.
143
Suppose 4*q + j - 8600 = 0, 3*j - 4300 = -2*q + 7*j. What is the remainder when q is divided by 44?
38
Let q be (6/18 - 22/30)*-5. Suppose 9*r - 2 = -q*o + 5*r, 5*o - r = 49. Calculate the remainder when (35/3)/(2/6) is divided by o.
8
Let y = 112 + -553. Let d = 466 + y. What is the remainder when d is divided by 6?
1
Suppose -2*q = -q, 0 = 2*g + q. Suppose g = -4*b + 39 - 23. Suppose 5*i - 2*w = -b*w + 559, -3*i + w + 331 = 0. Calculate the remainder when i is divided by 28.
27
Suppose 0 = z + 26 - 19, 2*z = 5*p - 619. What is the remainder when 1196 is divided by p?
107
Let w(n) = 5*n + 17. Let y = -115 - -113. What is the remainder when w(y) is divided by 3?
1
Suppose 60*n = -30593 - 17347. Let l = 820 + n. Calculate the remainder when 143 is divided by l.
17
Suppose -3*k = 21, 0 = -4*h + 2*k - 832 + 7550. Calculate the remainder when h is divided by 105.
101
Let d(h) = -8*h + 21. Let u be d(-4). Let r = 73 - u. What is the remainder when 22 is divided by (10/(-25))/((-1)/r)?
6
Let r(h) = -45*h**3 - 6*h**2 + 14*h + 19. Calculate the remainder when r(-4) is divided by 20.
7
Suppose -5*q = -10*q + 385. Let t = -6 - -8. Suppose -6*v + t*v = -104. Calculate the remainder when q is divided by v.
25
Let s(d) = d**2 + 16*d - 3. Let g be s(-16). Suppose -4*p - p + 125 = 0. Calculate the remainder when p is divided by 7/1*(-3)/g.
4
Let b = 188 - 102. Suppose 0 = -62*t + 252 + 306. What is the remainder when b is divided by t?
5
Let g(r) = 25*r**2 + 1401*r + 76. Calculate the remainder when 2458 is divided by g(-56).
18
Let d = 12565 + -12442. Calculate the remainder when 282 is divided by d.
36
Suppose 25*r + 82524 = 116*r + 47*r. What is the remainder when 2994 is divided by r?
4
Suppose -6*s = -8*s + 4. Suppose 177 = s*u + 27. What is the remainder when u is divided by 43?
32
Suppose -4*s - 1 = -f - 0, 0 = -4*s + 4*f - 16. What is the remainder when 102 is divided by (-5671)/(-159) - ((-10)/(-6) - s)?
32
Suppose 0*w + 5*w = 0. Suppose -35 + 39 = 2*l. Suppose w*s + s - 14 = -l*d, -5*s + 37 = -d. What is the remainder when 22 is divided by s?
6
Let r(q) = q**3 - 131*q**2 - 395*q - 869. Calculate the remainder when 1448 is divided by r(134).
68
Let n be 6 + 0 - (4 + -119). Let w = 129 - n. Calculate the remainder when w is divided by -3 - -2 - (2 + -8).
3
Suppose 5*k = -r + 125 + 791, -k = -4*r + 3706. What is the remainder when r is divided by 29?
27
Let b(v) be the third derivative of v**5/60 + 11*v**4/24 - 19*v**3/6 + 99*v**2. Calculate the remainder when 527 is divided by b(-14).
21
Suppose 13 = 60*m - 2027. Let u = 6 - -3. Calculate the remainder when m is divided by u.
7
Suppose 2*a - 4*a + 2904 = 0. What is the remainder when (-2)/(-4) - a/(-24) - 2 is divided by 10?
9
Let r = -86 + 82. Let h be 804/(-4)*r/(-6). Let c = h + 372. Calculate the remainder when c is divided by 20.
18
Let c(v) = 505*v - 11. Let s be c(-1). Let n = s - -636. What is the remainder when n is divided by 26?
16
Let r = -1713 + 2320. Calculate the remainder when r is divided by 21.
19
Suppose 8 = 5*s + 4*l - 6, 3*s - 30 = 3*l. Suppose 4*c + b - 51 - 10 = 0, -2*c - b = -31. Calculate the remainder when c is divided by s.
3
Let p(a) = 14*a - 2. Let i be p(3). Suppose 16*y = -28*y - 1408. Let k = i + y. Calculate the remainder when 39 is divided by k.
7
Let l be -4 + 1478/12 + 5/(-30). Suppose 0 = -5*k + 12*k - l. Suppose 2*j = 29 - 11. What is the remainder when k is divided by j?
8
Suppose 2*k = 3 + 1. Suppose -4*c + 22 = -k. Calculate the remainder when c is divided by (-12)/(-8)*(4 + (-4)/3).
2
Suppose -3 - 7 = -5*v. Suppose -3*q - 2*q + 35 = 0. Calculate the remainder when q is divided by -5*(-4)/(-16)*-2*v.
2
Let c(o) = 10*o**2 + 6*o + 12. Let v be c(-6). Suppose r - 45 = 5*x - v, -4*r = -x + 43. What is the remainder when x is divided by 25?
9
Let s = -117 - -241. Let u = 176 - s. Suppose -3*m + u = -m. What is the remainder when 231 is divided by m?
23
Let v(c) be the third derivative of 143*c**5/60 - c**4/12 - c**3/3 - 3*c**2 + 24. Calculate the remainder when v(-1) is divided by 19.
10
What is the remainder when 1168 is divided by 1*(1834/35 + -8 - (-3)/5)?
43
Suppose 82 + 102 = 8*r. Let o(s) = 2*s - 1. Let p be o(3). Suppose w + 10 = -5*n + 55, p*w - 17 = n. Calculate the remainder when r is divided by n.
7
Let w be (-2 + (-4)/(-3))/(16/3408). Let 